What are the prime factors of k(-4)?
7
Suppose -178 = -5*t + 147. List the prime factors of t.
5, 13
Let t = -11 + 34. Suppose 0 = -5*o + 4*s + 35 - 4, 5*s + t = o. Suppose q = -o*q + 28. List the prime factors of q.
7
Let q be 5 + (-2 - (-1 + 1)). Suppose -3*z + 19 - 4 = -5*d, -3*z - d - q = 0. Suppose z = -3*k - k + 44. List the prime factors of k.
11
Let w(m) = -9*m + 4. Let l be w(-5). Let y = l + 39. What are the prime factors of y/5 + (-6)/(-15)?
2, 3
Let x = 32 + -17. Let g = 1 - -4. Suppose -g = -2*o + x. What are the prime factors of o?
2, 5
Let o(a) be the second derivative of -a**5/20 - 7*a**4/12 - 4*a**3/3 + 3*a**2 - 3*a. List the prime factors of o(-6).
2, 3
Suppose 4*q - 100 = 4*j - 4, 5*j - 100 = -5*q. What are the prime factors of q?
2, 11
Suppose -4*v + 5*p + 0*p + 37 = 0, -v - 2*p - 7 = 0. Suppose -v*d + 34 + 32 = 0. What are the prime factors of d?
2, 11
Let j be (-1432)/(-14) + 4/(-14). Let u = 17 + -12. List the prime factors of j/u + (-8)/20.
2, 5
Suppose 4*g = 2*q + 110, 2*g - 33 - 18 = -3*q. List the prime factors of g.
3
Suppose n - 1 + 3 = -b, -n = -5*b - 10. Suppose n*c - 14 = -2*c. List the prime factors of c.
7
What are the prime factors of (8/6)/((-12)/(-306))?
2, 17
Suppose -2*n - 2*o + 109 = 3*n, 4*o - 80 = -4*n. What are the prime factors of n?
23
Suppose b = 2*b + 2. Let p be (-6)/4*(7 + 1). List the prime factors of 2/(b*1) - p.
11
Suppose -k + 0*k = -2. Suppose 60 = 2*q + k*q + 5*a, 0 = -3*q - 3*a + 42. What are the prime factors of q?
2, 5
Let t = 8 - -58. List the prime factors of t*(3/(-6))/(-1).
3, 11
Suppose 5*o = 15, -5*o - 305 = 5*z - 1080. List the prime factors of z.
2, 19
List the prime factors of 271 - (-3 - (3 + -6)).
271
Let s be 8/(-10)*10/(-4). Suppose 3*d - 2*c - 14 = 0, -5*c + 3*c = -d + s. Let q = -2 + d. What are the prime factors of q?
2
Let y be (-6)/(-12)*(-8 - 2). Let j = 7 + y. Suppose 8 = 4*g + 2*m, g - j*m - 16 = -3*g. What are the prime factors of g?
3
Suppose r + 4*b - 5 = 0, -3*r + 14 + 1 = -4*b. Let i(x) = x**2 - x - 4. List the prime factors of i(r).
2
Suppose -77*y - 287 = -84*y. What are the prime factors of y?
41
Suppose 1 - 76 = -4*k + 5*y, 0 = 3*k - 4*y - 57. Let b = k - -6. List the prime factors of b.
3, 7
Let f = 9 - 16. Let j = 10 + f. Suppose -j = 2*b - 9. What are the prime factors of b?
3
Let x be 1/(0 + (-3)/(-9)). Let u(w) = 3 - 5*w + x*w - 4. What are the prime factors of u(-4)?
7
Let j = -6 + 4. List the prime factors of 1/2*(j + 14).
2, 3
Let w = -5 + 5. Suppose -3*y - 7 = n, w = y - 2*y - 3. Suppose n*c - 3*c = -3*x - 1, c + 4*x = 8. List the prime factors of c.
2
Suppose n = -0*n - 2*l + 124, -4*l + 16 = 0. What are the prime factors of n?
2, 29
Let g(u) = 11*u**2 - 3*u + 2. Let a be (4/18)/(6/54). List the prime factors of g(a).
2, 5
Let d be (-1)/(-4) - (-118)/8. Suppose -o + 2*i + i = -20, -o + 2*i + d = 0. List the prime factors of o.
5
Suppose -3*t - 2*t + 253 = u, 0 = -5*t + 4*u + 263. Suppose 3*i + 3*x = t, i - x = -3*x + 22. Let b = 0 + i. What are the prime factors of b?
2, 3
Suppose -g = -0*g - 19. What are the prime factors of g?
19
Let j(p) = p**3 - 2*p**2 + 8*p + 11. List the prime factors of j(5).
2, 3, 7
Let i(a) = 2*a**2 - 5*a. Let u be i(4). Suppose f + u = 5*f. List the prime factors of f.
3
Let w(j) = j + 0 + 0 + 4*j. Let c be (4/(-3))/((-2)/3). What are the prime factors of w(c)?
2, 5
Let c(j) = -2*j**2 - j + 4. Let w be c(-3). Let d = 15 + w. What are the prime factors of d?
2
Suppose 5*t - 3*i - 509 = 897, 3*t + i - 852 = 0. List the prime factors of t.
283
Let y(a) = -4*a + 3. Let l be y(2). Let s = 19 - 29. Let f = l - s. List the prime factors of f.
5
Let w = 185 - 132. List the prime factors of w.
53
Let a(d) = -66*d + 1. What are the prime factors of a(-1)?
67
Let i(v) = -v**3 + 4*v**2 - 4*v - 1. Let n(f) = -2*f**3 + 5*f**2 - 4*f. Let o(m) = -3*i(m) + 2*n(m). What are the prime factors of o(-4)?
19
List the prime factors of 0/(-1) + 2 + 42.
2, 11
Let k = -496 + 770. What are the prime factors of k?
2, 137
Suppose 34 + 5 = 3*i. Let w = -9 + i. List the prime factors of w.
2
Let l = -25 + 47. Suppose 0*c + c - l = 0. What are the prime factors of c?
2, 11
Let x(a) = 3*a**2 + 3*a**2 - 3*a - 2 - 4*a**2. Suppose g + 2*g = 9. What are the prime factors of x(g)?
7
Suppose -o + 71 = 28. Let f = o + -31. What are the prime factors of f?
2, 3
Let h(y) = 15*y**3 - 2*y**2 + 1. Suppose -3*k + 8*k - 5 = 0. What are the prime factors of h(k)?
2, 7
Let x(t) = t**2 + 10*t + 3. Let f be x(-7). Let l = -26 - f. List the prime factors of 68/6 + l/(-12).
2, 3
Suppose -2*f + 34 = -6. What are the prime factors of f/3*15/5?
2, 5
Let o = 76 - 45. List the prime factors of o.
31
Suppose -n + 3 = -5. Let r = n + 19. What are the prime factors of r?
3
Suppose 4*p - 290 + 2 = 0. Suppose 2*m - 4*m = -p. What are the prime factors of m?
2, 3
Suppose -h - 9 = 2*v, 6*v = -3*h + 3*v - 18. Let l be ((-6)/(-4))/((-2)/8). Let g = h - l. List the prime factors of g.
3
Suppose 0 + 5 = -5*n. Let j = n - -2. List the prime factors of (-2 + 4)/(j/6).
2, 3
Let i(a) = 2*a**2 - 5*a - 2. Let o be i(4). Suppose -1 = 2*s - 2*v + 3*v, -2*v - o = 0. Suppose s*r + 10 = 0, -4*r - 23 = l + r. List the prime factors of l.
2
Let h be -1 + -3 + 2 + 2. Let l be h/(0 + -1 + 0). Suppose -b + 9 - 1 = l. List the prime factors of b.
2
Let p = 412 + -167. List the prime factors of p.
5, 7
Let u(n) = 13*n + 2. Let f(d) = 12*d + 1. Let x(i) = -3*f(i) + 2*u(i). Let a(s) = -s - 6. Let g be a(-5). List the prime factors of x(g).
11
Let x = 22 - 1. What are the prime factors of x?
3, 7
Let h(s) = -7*s - 1. List the prime factors of h(-18).
5
List the prime factors of (276/10)/((-14)/(-70)).
2, 3, 23
Suppose 4*v - 5 = 3*v. List the prime factors of v.
5
Suppose 3*l = -32 + 8. Let f be 6/9*-3 - -1. Let i = f - l. What are the prime factors of i?
7
Let y(d) be the second derivative of -3*d**5/20 + d**3/6 - d**2/2 + 9*d. List the prime factors of y(-2).
3, 7
Suppose -l + 43 = z, -6*z + 2*z - 132 = -4*l. Suppose k + 3*s - l = 0, 4*k - s + 2*s = 119. What are the prime factors of k?
29
Let r(k) = -2*k - 15. Let y be (-37)/3 + (-16)/24. What are the prime factors of r(y)?
11
Let t be 4 - -1 - (-2 + 4). What are the prime factors of t/12 - 43/(-4)?
11
Suppose m = -m - 10. Let k(h) = h**2 + 2*h + 4. Let t be k(m). Let z = t + -13. What are the prime factors of z?
2, 3
Let z(o) = -4*o + 1. Let m be z(-2). Let f(b) be the first derivative of b**3/3 - 9*b**2/2 + 9*b - 1. What are the prime factors of f(m)?
3
Let x(s) = -s**2 + 6*s - 3. Let l be x(5). Suppose -l*n - 43 = -4*q + 11, -n = -q + 15. What are the prime factors of q?
2, 3
Suppose 0 = -s + 1 + 1. Let f(q) = 13*q**2 - 3*q + 1. Let x be f(s). Suppose 19 = -2*c + x. What are the prime factors of c?
2, 7
Suppose -2*u - 2*u + 4 = 0. Suppose 0 = -2*q - u - 3. List the prime factors of ((-36)/15)/(q/5).
2, 3
Suppose 0 = -5*h + 5*v + 55, 0 = h + h + v - 25. Suppose 3 + h = 3*w. List the prime factors of w.
5
Let x(b) = -b**3 + 16*b**2 - 20*b + 26. What are the prime factors of x(13)?
3, 7, 13
Let u(j) = 39*j + 5. List the prime factors of u(2).
83
Suppose 3*f + 5*n = 82, 0*f + 3*n - 56 = -2*f. List the prime factors of f.
2, 17
Let u(z) = -z**2 - 10*z. List the prime factors of u(-7).
3, 7
Let r(n) = -n**3 + n + 1. Let g(t) = -5*t**3 - 10*t**2 - 5*t + 17. Let v(d) = g(d) - 6*r(d). What are the prime factors of v(11)?
11
Let h = -86 + 156. Suppose 5*z - c - 1 = h, -4*z + 56 = -c. List the prime factors of z.
3, 5
List the prime factors of -1*2 - (-6 + -10).
2, 7
Suppose 7*o - 5*s - 488 = 4*o, -4*o = 2*s - 642. List the prime factors of o.
7, 23
Suppose 3*m = 0, -i - 51 = -4*i + 5*m. Suppose 4*s - 81 + i = 0. What are the prime factors of s?
2
Let d = 18 - 17. Let v = 30 + d. What are the prime factors of v?
31
Let s = 72 + -20. List the prime factors of s.
2, 13
Suppose 3*s - s - 5 = v, 0 = -2*s + 4*v - 4. Suppose -s*o = 2 - 14. Suppose -2*d - o*d + 4*m + 60 = 0, 0 = -4*m. List the prime factors of d.
2, 3
Suppose -z - 10 = -2*x + z, 5*x + 5*z = 45. Let v be 82/x - (-2)/7. Let i(k) = k**3 - 12*k**2 + 2*k - 16. List the prime factors of i(v).
2
Let v be (-6)/(-8)*(3 + 1). Suppose -3*j - 17 = -f - 0*f, v*j + 15 = 0. Suppose 4*k - 3*a - 42 = 0, 0*k + f*k - 1